te the remainder when f is divided by x.
4
Let r = -36 - -148. Let u = 42 - 19. Calculate the remainder when r is divided by u.
20
Let l be 162/21 - 8/(-28). Suppose -l + 2 = -2*d. Calculate the remainder when 8 is divided by d.
2
Let u = 2 + 29. Suppose 0 = d - 4*y + 12, -4*y + 12 = 5*d - 0*d. Let h = 11 + d. What is the remainder when u is divided by h?
9
Let q = -15 - -23. Calculate the remainder when 22 is divided by q.
6
Suppose 2*s + 5*s - 224 = 0. What is the remainder when 61 is divided by s?
29
Suppose 4*b - 6*b = -16. Calculate the remainder when (-6)/b - (-957)/12 is divided by 20.
19
Suppose -5*k - 6 = -3*p, -5*p + 0*k - 3*k + 10 = 0. Let q be p + (3/(-3))/1. What is the remainder when 1*12 - q - 1 is divided by 6?
4
Suppose 0*a - 20 = -2*a. What is the remainder when 28 is divided by a?
8
Suppose 14*c - 10*c - 104 = 0. Calculate the remainder when 50 is divided by c.
24
Suppose 41 = 5*v - 3*t + t, -v - t = -11. Calculate the remainder when 71 is divided by v.
8
Let s = -1 + 5. Suppose 0 = 3*o - 0*o - s*y + 58, 4*o - 2*y + 64 = 0. Let u = 24 + o. Calculate the remainder when u is divided by 6.
4
Let k(u) = u**2 - 3. What is the remainder when 37 is divided by k(4)?
11
Suppose 5*a - 30 = 10. What is the remainder when 25 + -1 - (-3)/(-12)*4 is divided by a?
7
Let p be -5 + (-1 - -2 - -1). Let n be 10/(4/(-18)*p). Calculate the remainder when 40 is divided by n + (2 - 1)/(-1).
12
Let l = 23 + -10. Calculate the remainder when 64 is divided by l.
12
Suppose -11*c + 18*c = 147. What is the remainder when c is divided by 3?
0
Suppose 4*r + 3*c - 250 = 4*c, 5*r - 5*c = 305. Let l = -22 + r. Let u = 27 - 13. Calculate the remainder when l is divided by u.
13
Suppose -c + 4 = 3, -5*q + 4*c + 61 = 0. Calculate the remainder when 60 is divided by q.
8
What is the remainder when 65 is divided by (-2)/(2 - (-92)/(-44))?
21
Let n(j) = 7*j - 37. What is the remainder when 50 is divided by n(9)?
24
Suppose 4*w - 4 = 2*i, 22 = 3*i - 2*w + 3*w. What is the remainder when 63 is divided by (-9)/6 + 105/i?
15
Let p(o) = -o**2 - 5*o - 2. Let n be p(-4). Let s(c) = 3*c - 5. Let y be s(4). Suppose q - n*q = -y. Calculate the remainder when 12 is divided by q.
5
Suppose 4*h + 0*h - 25 = -5*s, 20 = -4*h. Calculate the remainder when 59 is divided by s.
5
Let i = 14 + -10. Suppose i*m = -m + 10. What is the remainder when 6 is divided by m?
0
Let w(d) = d**3 - 3*d**2 - 4*d - 4. Let n be w(4). Let u = 189 + -140. Calculate the remainder when u is divided by 234/14 - n/14.
15
Calculate the remainder when 6 is divided by -6*((-39)/(-26) + (-26)/12).
2
Let u = -7 + 11. Suppose -19 = -4*o + 5*d, 3*d - u = -2*o + 3*o. What is the remainder when 43 is divided by o?
10
Suppose 0*x = 2*x. Suppose 24 = -x*l + 2*l. Suppose -2*f - f = -l. Calculate the remainder when f is divided by 2.
0
Let n = -33 + 70. Calculate the remainder when 145 is divided by n.
34
Suppose 5*c = -2*w - 0*c + 243, 0 = w + 2*c - 120. What is the remainder when w is divided by 29?
27
Suppose -v - 1 + 13 = 0. Calculate the remainder when v is divided by 5.
2
Let j be (26/8)/(9/(-144)). Let v = -31 - j. Calculate the remainder when 62 is divided by v.
20
Suppose -5 = -5*r + 60. What is the remainder when 18 is divided by r?
5
What is the remainder when 77 is divided by (-3)/2 + (0 - 105/(-6))?
13
Let y(h) = h + 10. Calculate the remainder when 70 is divided by y(8).
16
Let f = 0 - -3. Suppose 0 = -f*i - 5*d + 61, 5*d - 78 = -4*i - 0*i. Let p = 16 - 7. What is the remainder when i is divided by p?
8
Let s(q) = q**3 - 4*q**2 + 2*q - 6. Let b be (48/(-60))/(2/(-10)). Suppose -4*t - 3 = -11. What is the remainder when s(b) is divided by t?
0
Let j(a) be the third derivative of -a**4/24 - a**2. Let k(q) = q**2 - 5*q + 6. Let c(u) = -2*j(u) + k(u). What is the remainder when 30 is divided by c(5)?
14
Let u(f) = f**3 + 4*f**2 + 4. Let r(k) = -5*k**3 + 4*k**2 + 4*k + 3. Let i be 10/(-25) + 8/(-5). Calculate the remainder when r(i) is divided by u(-3).
12
Suppose 0*m - 2*m + 14 = 0. Suppose -3*b + m = 2*j + 1, j - 5*b = 29. What is the remainder when 24 is divided by j?
6
Let c be (-2)/(-5) + 23/5. Let w(i) = -i + 6. Calculate the remainder when w(c) is divided by ((-4)/(-12))/((-2)/(-6)).
0
Let k(d) = d**3 + 4*d**2 + 4*d + 7. What is the remainder when 21 is divided by k(-3)?
1
Suppose 3*b - b = -4. Let p = -10 - -20. Calculate the remainder when -2 - (-2 - (-58)/b) is divided by p.
9
Let c(q) = q**2 + 2*q. Let w be c(2). What is the remainder when (-145)/(-20) - 2/w is divided by (-10)/(-3) + (-2)/(-3)?
3
Suppose 0*c - c = -3*x, 4*x = 5*c - 22. Let v = -33 - -37. What is the remainder when 2 + 4/(-2) + c is divided by v?
2
Suppose 3*x - u - 66 = 0, 5 = u + 2. What is the remainder when x is divided by 8?
7
Suppose 0 = -k + 2*k - 52. Let s(u) = -u**2 - 11*u - 10. Calculate the remainder when k is divided by s(-7).
16
Let u(k) = -1 - 6*k**3 - 3 + 1 + 2. What is the remainder when 14 is divided by u(-1)?
4
Suppose 5*v - 22 = -2*b + v, 23 = b - v. Calculate the remainder when 36 is divided by b.
17
Let m(l) = l**3 - 9*l**2 + 2*l + 18. What is the remainder when m(10) is divided by 28?
26
Suppose 3*f = -5*a + 49, 4*a - 68 = -6*f + 2*f. Let l(c) = -c**2 - 7*c - 5. What is the remainder when f is divided by l(-5)?
3
Let u = -10 - -30. Suppose -2*f + 102 = 4*p, 3*p - 74 = 3*f + 25. Suppose 0*v - 4*v = -p. Calculate the remainder when u is divided by v.
6
Let l = 7 + 1. Let j(r) = 9*r + 82. What is the remainder when j(-6) is divided by l?
4
Let x(t) = -3 - 4*t + 10*t - 6*t**2 + t**3 - 3. Let w be x(4). What is the remainder when 25 is divided by 183/21 + (-4)/w?
7
Suppose 4*k + v + 16 = -4*v, -5*k = -5*v + 65. Let y(g) = 1 + 0 - 14 + 10*g + 2*g**2. What is the remainder when y(k) is divided by 20?
19
What is the remainder when 59 is divided by 2/4 - 115/(-10)?
11
Let i(a) be the second derivative of 0 - 1/20*a**5 - 2*a**2 - 1/6*a**3 + 5/12*a**4 - 2*a. Calculate the remainder when 30 is divided by i(3).
8
Suppose -4*j = j - 60. Suppose 389 + 255 = 14*w. What is the remainder when w is divided by j?
10
Let b(q) = q**2 + 2*q - 4. Suppose -2*s + 16 = -4*p, 2*s + 8 = -2*p - 3*s. Calculate the remainder when ((-110)/(-15))/(2/3) is divided by b(p).
3
Let r(s) = -s**3 - 10*s**2 - 8*s + 13. Suppose 3*w + 2*w - 120 = 0. What is the remainder when r(-10) is divided by w?
21
Suppose -1 + 7 = p. Let x = -9 + 13. Calculate the remainder when p is divided by x.
2
Let k(q) = q + 2. What is the remainder when 9 is divided by k(2)?
1
Suppose -2*a + 0 = -6. Let g = 8 - a. Calculate the remainder when 6 is divided by g.
1
Suppose -5*q - i + 15 = 0, 3*q + 4*i = 1 - 9. What is the remainder when 15 is divided by q?
3
Let y be (-10)/2*24/20. Let w = y - -16. Calculate the remainder when w/(-3)*9/(-3) is divided by 4.
2
Let h(f) = 10*f - 4. Let w = 5 - 2. Calculate the remainder when 51 is divided by h(w).
25
Suppose -4*m - 3*y + 226 = 0, 6*y - y + 300 = 5*m. Calculate the remainder when m is divided by 20.
18
Suppose 0 = -2*n + 5*j - 1047, 0*j = -3*n + 2*j - 1554. Calculate the remainder when n/(-12)*(0 + 1) is divided by 23.
20
Let q(o) = 2 + 0 - 5 + 2*o + 6*o**2 + 0. Calculate the remainder when q(-3) is divided by 16.
13
Let w = 2 + 0. Suppose -5*j - k + 21 = -j, j - 14 = -w*k. What is the remainder when 7 is divided by j?
3
What is the remainder when (-2 + 2/(-3))*9/(-2) is divided by 7?
5
Let o = -6 + 2. Let z be (-1 + 1)*1 - 6. Calculate the remainder when 129/2*o/z is divided by 15.
13
Suppose 2*t + t = -5*b + 81, 2*b + 27 = t. What is the remainder when 107 is divided by t?
26
Suppose 54 = 5*j - 81. Let d be (1*-2)/(6/(-3)). Suppose 3*q - 41 - d = 0. What is the remainder when j is divided by q?
13
Let f(j) = j - 2*j + 1 + 4*j**2 + 6*j - 6*j. What is the remainder when f(-2) is divided by 5?
4
Let f(b) = b + 47. What is the remainder when f(8) is divided by 14?
13
Suppose k - 6*k + 60 = 0. What is the remainder when 22 is divided by k?
10
Suppose -2*u - 10 = 3*u. Let d(c) = 10*c**2 - 3*c - 4. What is the remainder when 4/2 - (-13 + u) is divided by d(-1)?
8
Let s = 109 + -4. Calculate the remainder when s is divided by 56/2 - 2/2.
24
Let p be (-1 - -1)/(3/3) - 3. Let u(d) = -d + 4 + 0*d**3 - d - 3*d**2 - d**3. Calculate t